{"id":68,"date":"2018-02-23T21:30:23","date_gmt":"2018-02-23T20:30:23","guid":{"rendered":"http:\/\/stowarzyszenie.mateja.edu.pl\/?page_id=68"},"modified":"2018-02-23T22:15:49","modified_gmt":"2018-02-23T21:15:49","slug":"konkurs","status":"publish","type":"page","link":"https:\/\/stowarzyszenie.mateja.edu.pl\/index.php\/konkurs\/","title":{"rendered":"Konkurs"},"content":{"rendered":"<p style=\"text-align: center;\">Og\u0142aszamy Jubileuszowy Konkurs<br \/>\n<strong>\u201e<\/strong><strong>ARCHIWUM MATEI\u201d<\/strong><\/p>\n<p>Zapraszamy do przysy\u0142ania szkolnych zdj\u0119\u0107 (z kr\u00f3tkim opisem) oraz wspomnie\u0144 o ludziach i wydarzeniach, ze szczeg\u00f3lnym uwzgl\u0119dnieniem postaci legendarnych, powiedzonek nauczycielskich oraz zdarze\u0144 wyj\u0105tkowych zwi\u0105zanych z II LO im. Jana Matejki w Siemianowicach \u015al.<br \/>\nWspomnienia mo\u017cna posy\u0142a\u0107 na FB lub na\u00a0<strong>jubileusz@mateja.edu.pl<\/strong>.<span class=\"text_exposed_show\"><br \/>\nNajciekawsze nagrodzimy i opublikujemy, oczywi\u015bcie w porozumieniu i z zachowaniem praw autorskich.<br \/>\nRozpoczynamy od wywiadu, kt\u00f3rego udzieli\u0142 nam absolwent i nauczyciel Matei dr Kamil Pa\u017adzior.<br \/>\n<\/span><\/p>\n<p><span class=\"embed-youtube\"><iframe loading=\"lazy\" class=\"youtube-player\" src=\"http:\/\/www.youtube.com\/embed\/BmIMnX0UqTE?version=3&amp;rel=1&amp;fs=1&amp;autohide=2&amp;showsearch=0&amp;showinfo=1&amp;iv_load_policy=1&amp;wmode=transparent\" width=\"1140\" height=\"672\" allowfullscreen=\"allowfullscreen\" data-mce-fragment=\"1\"><\/iframe><\/span><\/p>\n","protected":false},"excerpt":{"rendered":"<p><a class=\"read-more\" href=\"https:\/\/stowarzyszenie.mateja.edu.pl\/index.php\/konkurs\/\">Continue reading<\/a><\/p>\n","protected":false},"author":1,"featured_media":0,"parent":0,"menu_order":0,"comment_status":"closed","ping_status":"closed","template":"page-templates\/page_fullwidth.php","meta":{"jetpack_post_was_ever_published":false,"footnotes":""},"class_list":["post-68","page","type-page","status-publish","hentry"],"jetpack_sharing_enabled":true,"jetpack_shortlink":"https:\/\/wp.me\/P9GPbi-16","_links":{"self":[{"href":"https:\/\/stowarzyszenie.mateja.edu.pl\/index.php\/wp-json\/wp\/v2\/pages\/68","targetHints":{"allow":["GET"]}}],"collection":[{"href":"https:\/\/stowarzyszenie.mateja.edu.pl\/index.php\/wp-json\/wp\/v2\/pages"}],"about":[{"href":"https:\/\/stowarzyszenie.mateja.edu.pl\/index.php\/wp-json\/wp\/v2\/types\/page"}],"author":[{"embeddable":true,"href":"https:\/\/stowarzyszenie.mateja.edu.pl\/index.php\/wp-json\/wp\/v2\/users\/1"}],"replies":[{"embeddable":true,"href":"https:\/\/stowarzyszenie.mateja.edu.pl\/index.php\/wp-json\/wp\/v2\/comments?post=68"}],"version-history":[{"count":2,"href":"https:\/\/stowarzyszenie.mateja.edu.pl\/index.php\/wp-json\/wp\/v2\/pages\/68\/revisions"}],"predecessor-version":[{"id":113,"href":"https:\/\/stowarzyszenie.mateja.edu.pl\/index.php\/wp-json\/wp\/v2\/pages\/68\/revisions\/113"}],"wp:attachment":[{"href":"https:\/\/stowarzyszenie.mateja.edu.pl\/index.php\/wp-json\/wp\/v2\/media?parent=68"}],"curies":[{"name":"wp","href":"https:\/\/api.w.org\/{rel}","templated":true}]}}